*q**2 + 8*q + 16. Suppose -6*n + 74 = 8. Let b be u(n). Let z(o) = o**2 + 6*o - 4. Is z(b) a prime number?
False
Is 5345344/160 - (1/(-10))/((-3)/(-18)) composite?
False
Let v = -118 + 81. Is (3/(9 - 6))/((-1)/v) composite?
False
Let i(a) = 1381*a - 1077. Is i(79) a prime number?
False
Suppose -4*a - 8 = -7*f + 4*f, -5*f = 4*a - 24. Suppose 1 = -3*m + 4. Is (-709)/(0/f - m) a composite number?
False
Let i(z) = 126*z - 137. Let v(u) = 126*u - 138. Let w(k) = -4*i(k) + 3*v(k). Is w(-20) composite?
True
Let g(b) be the third derivative of -5/6*b**3 + 0*b + 32*b**2 + 0 - 25/8*b**4. Is g(-4) prime?
False
Let p be (1/(3 - 1))/((-9)/126). Let h be (-19)/p - (6 + 44/(-7)). Suppose -7*n = -8*n - h*t + 389, 2*t + 1189 = 3*n. Is n a composite number?
True
Let q(a) = -347*a + 8. Suppose -5*t - 15 = -2*t - 4*z, 2*t = 3*z - 11. Is q(t) a prime number?
False
Let g(k) = 6*k**2 - 9*k - 5. Let r = -160 - -171. Is g(r) prime?
False
Let n(g) = -65*g**3 + 106*g**2 + 326*g + 1. Is n(-14) prime?
False
Let p = 2560094 - 1527255. Is p prime?
True
Suppose -3*p = 4*l + 1, -3*l - 2*l - 30 = -2*p. Suppose 4*d - 5*s = 7, 2*d - 3*d = p*s - 8. Suppose i = d*i - 970. Is i composite?
True
Let n(j) = -4*j**3 + 6*j**2 + 10*j - 12. Let k be n(9). Let f = 111 - k. Is f prime?
False
Let c(d) = 11 - 986*d + 987*d - d**2 + 4*d**2. Suppose -f + 3*f = -3*z + 15, 0 = z + 5*f - 5. Is c(z) composite?
True
Let z(c) = 2*c**2 + 4*c - 1. Let y be z(-3). Suppose 32291 = 2*p + y*p. Is p composite?
True
Suppose 22184 = 13*d - 5*d. Let x = d - -2406. Is x a composite number?
False
Let p(m) = 588*m + 32. Let v be p(5). Suppose -h - 4*w = -8017 - v, -2*w = -h + 10965. Is h prime?
True
Let t(l) = 4*l**2 - 37*l - 676. Is t(47) composite?
False
Suppose -2902752 = -27*z + 64143. Is z prime?
False
Let j(z) = -4*z - 7. Let r = 73 - 76. Let s be j(r). Suppose 0 = -5*v + s*k + 1240, 245 = v - 0*v - 2*k. Is v a composite number?
False
Suppose 96 - 92 = 2*n. Is (-5 - -14251) + (-12)/8*n a composite number?
False
Is -758757*(-5)/9*(-357)/(-595) a composite number?
False
Let h = 1195132 - 335301. Is h a prime number?
False
Let r(g) = -g + 3. Let h be r(-2). Let c = h + -13. Is ((-962)/8)/(2/c) composite?
True
Let x be 1077 - (-6)/(-7 - -4). Suppose 6*t - x - 401 = 0. Let v = -127 + t. Is v composite?
True
Let v = -36287 - -24213. Let f = v + 18011. Is f a prime number?
False
Let y = -80 - -85. Suppose 0 = 4*n + 3*b - 66421, 49824 = 20*n - 17*n + y*b. Is n composite?
False
Suppose 13*d = 19*d + 4*p - 1887290, -d + 314535 = 4*p. Is d a composite number?
True
Let p = 290733 - -447020. Is p a composite number?
False
Suppose 0 = -68*w + 61*w + 28. Suppose w*u = -p + 1571, -2*p - 5*u = 294 - 3430. Is p a prime number?
False
Let j(o) = 243*o**2 - 7*o - 4. Let c be j(-1). Let t = -1159 + c. Is t/(-5) + (24/10 - 2) a prime number?
False
Let q(b) = 349*b + 54. Let n be q(-27). Let k = n + 13290. Is k a prime number?
False
Let j = -982320 - -1399309. Is j a prime number?
True
Let w(a) = -9*a - 23. Let m be w(13). Is (-5270)/(-18) - m/630 composite?
False
Let h be ((-10)/2)/((-75)/75). Suppose 45 = r + 4*v, h*r - 246 = -3*v - 4. Is r a composite number?
True
Let b = -184 - -177. Let y(o) = -37*o**3 + 6*o**2 - 16*o - 12. Is y(b) composite?
True
Let a = 175 + -283. Is (a/(-30))/(-9) + (-6354)/(-10) prime?
False
Suppose q + 13*q - 729848 = 0. Is (q/(-8))/(-1*3/6) a prime number?
True
Suppose r = -5*g + 32710 + 2376923, 3*r = -4*g + 1927702. Is g a composite number?
True
Is -1*183295*(-1420)/994 - 11 a composite number?
True
Let l = 4211 - -1568. Is l composite?
False
Suppose -47 - 9 = -4*n. Suppose b - 5*k + 13 = -5, n = 5*b + k. Suppose 6*d + b*d - 4168 = 0. Is d a composite number?
False
Let h(n) = 4*n - 25. Let p be h(6). Let t(j) = -6472*j - 3. Is t(p) prime?
True
Let i(g) = 69*g + 376. Let n(v) = -35*v - 188. Let w(t) = 4*i(t) + 7*n(t). Is w(29) composite?
False
Let t(k) = 195*k**2 + 5*k + 23. Let c be t(7). Is -1 + 1/1 + (c - -38) composite?
True
Let q = 51 - 47. Suppose -q*d + 1 = -7. Suppose d*s + 264 - 1126 = 0. Is s a composite number?
False
Suppose -14*x + 4*w + 92707 = -13*x, 5*w = 3*x - 278163. Is x prime?
False
Suppose 4*a - 77148 = 76584. Let x = 75266 - a. Is x prime?
True
Suppose 2*y = -a + 8 - 0, 2*a - 3*y + 5 = 0. Suppose k + 2 = -x, x + a = -k - 3*k. Suppose 9*r - 7700 - 11911 = k. Is r prime?
True
Let k be (0/(-2))/(4/4). Suppose k = -2*o + 4*q + 10 - 0, -11 = -2*o + 5*q. Suppose 3*r - o*c = 1038, 2*c - 331 = -r - 0*r. Is r prime?
False
Let o(r) = -101*r**2 - 2*r - 1. Let v be o(-1). Let c be 2223/12 + 27/(-12). Let l = v + c. Is l prime?
True
Let z(t) = t**3 + 10*t**2 - 10*t + 13. Let o be z(-11). Suppose o*x + 0 + 4 = 0. Is -3 + 2 - x - -1*1642 a prime number?
False
Let d(k) = -11*k - 41. Let b be d(-5). Suppose 30 = b*t - 8*t. Suppose -a + 3*a + 4*h - 90 = 0, t*h = -10. Is a prime?
False
Is (-8)/10 - 324/(-720)*2969844 prime?
True
Let k be (-3 - -6 - 2)*-1. Let h be ((-18)/(-36))/(k/4). Let a(f) = -16*f**3 - 3*f**2 - 2*f - 1. Is a(h) composite?
True
Suppose -12*y + 32934 = -6*y. Let z be -1*(446*1)/(-2). Suppose -3*h + 3518 - z = f, 3*f = -5*h + y. Is h prime?
False
Let b(x) = 3*x - 65. Let r be b(24). Suppose -31815 - 51884 = -r*a. Is a composite?
True
Let v(r) = -1 - 2 + 77*r**3 - 3*r + 7 + 5*r**2 + 4. Is v(5) a composite number?
False
Let c(g) = g**2 + 12*g - 40. Suppose v + 4 = 0, 5*v - 67 = 64*h - 61*h. Is c(h) composite?
True
Let q(z) = -63*z - 142. Let y(v) = 64*v + 143. Let a(c) = 4*q(c) + 5*y(c). Is a(5) a composite number?
False
Let d(b) = -17*b - 891. Let c(m) = -8*m - 446. Let z(f) = -7*c(f) + 3*d(f). Let y = 306 + -306. Is z(y) prime?
True
Let v be (4 + -8)/((-324)/(-328) - 1). Let r = v + 1189. Is r a composite number?
True
Let w(t) = 250*t - 219. Let n be w(17). Suppose 18213 - n = 7*h. Is h a prime number?
False
Let p = 317 + -320. Is (-1774)/p*126/84 composite?
False
Let f = 2342 + -1611. Is f a composite number?
True
Suppose 21*j - j = -160. Let i(b) = -b**2 - 8*b. Let k be i(j). Suppose 8*t + 5*t - 11401 = k. Is t a prime number?
True
Suppose -z - 704 = -2*v, -2308 = -5*v - 3*z - 559. Let w = 187 - -2730. Suppose 4*a = w + v. Is a a prime number?
False
Let p = 522 + 7013. Let q = 12690 - p. Is q a composite number?
True
Suppose -17*f + 3 = 54. Let k(c) = -91*c - 26. Is k(f) composite?
True
Let z(a) = -991 + 2021 + 66*a - 1010. Suppose -2*f - j + 22 = 0, -6*f + 2*j + 37 = -f. Is z(f) prime?
False
Is -4*1 + 1 - (-55422)/((-72)/(-8)) a prime number?
False
Let j = 1866 + -1062. Suppose j = 5*k + 3*t, 5*k + 4*t - 95 = 712. Is k prime?
False
Let m be 5 + (1 + 1 - 4). Suppose 47 - 822 = -r + x, -5*x - 2319 = -m*r. Is r a composite number?
True
Let x(r) = -67*r**2 - 13*r + 16. Let n(z) = 22*z**2 + 4*z - 5. Let d(u) = 7*n(u) + 2*x(u). Suppose 0 = f + 4*f - 35. Is d(f) prime?
True
Let z = -41746 + 131433. Is z composite?
True
Suppose -157*p + 152*p + 10 = 0. Is (4 - (-35125)/10)*p a prime number?
False
Let d = -171 + 205. Suppose -33*r = -d*r + 983. Is r composite?
False
Suppose -13*z - 243 + 238665 = -299401. Is z a prime number?
False
Let d be 219/(-365) + 103/5. Is (15/d)/(233310/(-116664) + 2) a prime number?
True
Let z be 75/(-5) + 1 - -4. Is (-16708)/z - ((-56)/(-20) - 3) prime?
False
Let v(y) = -16*y**3 - 9*y**2 - 42*y - 6. Let r(w) = 16*w**3 + 9*w**2 + 40*w + 7. Let p(q) = 3*r(q) + 2*v(q). Is p(10) prime?
False
Suppose -c = -2*v - 10, 5*v - c + 0 = -22. Let g be 9776/234 - v/18. Is (g/4)/(18/84) prime?
False
Let v = 20375 - -39614. Is v a prime number?
False
Let h(t) = -2*t**3 - 7*t**2 - 8*t - 23. Let y(o) = -29*o - 4. Let n be y(-1). Suppose 3*r - n = -61. Is h(r) a prime number?
True
Let v be 8*(5/2 - 2). Suppose 4*g + 8 = g + v*o, -o = -g - 1. Suppose -5*z + 620 = 3*q, g*z = -3*q - 2*q + 483. Is z composite?
False
Let o(m) = m**2 - 2*m + 2. Suppose 0 = 11*f - 15*f. Let b be o(f). Suppose 2*x = -t + 309, -b*x = -5*t + 2*x + 1601. Is t a composite number?
False
Suppose 27*z = 19*z + 106*z - 2903642. Is z prime?
True
Let k(t) = 13377*t + 452. Is k(1) composite?
False
Suppose 0*z + 4*z - 64 = 0. Suppose 5*w + z = 9*w. Is (-6)/w - 843/(-6) a composite number?
False
Suppose -11 = 4*f - k, -5*f = -k - k + 10. Let z = 20 + -12. Is 2*(-12188)/(-8) - z/f a composite number?
False
Let u 